ppose -75*v - 1349 + 4199 = 0. Calculate the greatest common factor of 11628 and v.
38
Suppose 0 = 5*i + 2*c - 1249, -4*c - 2201 + 715 = -6*i. Calculate the highest common divisor of 166 and i.
83
Let u(l) = l**2 - 1. Let w be u(-1). Suppose w*g + g = -3*k + 160, -4*k + 214 = g. Let x = k - 14. What is the highest common factor of x and 20?
20
Let r(i) = i**2 - 2*i - 4. Let v be r(4). Suppose 32 = -0*o + v*o. Let d(t) = t - 6. Let k be d(o). Calculate the highest common factor of k and 8.
2
Suppose -4 + 3 = -h, -5*h = -x + 284. Suppose -38*p - 112*p + 4080 = 90*p. What is the highest common factor of x and p?
17
Suppose -11570 = -75*y + 1630. Calculate the greatest common factor of y and 8206.
22
Let t = -188 - -192. Suppose -4*o + n + 103 + 36 = 0, -t*n = 5*o - 179. Calculate the highest common factor of 10 and o.
5
Let w = 66 + -64. Suppose -w*s + 0*s + 20 = 0. Let z(t) = -26*t - 2. Let h be z(-2). Calculate the greatest common divisor of h and s.
10
Let n(o) = 5*o**3 + 21*o**2 - 3*o - 21. Let z be n(-4). What is the greatest common factor of 10661 and z?
7
Let f be ((-278)/(-8))/(3/24). What is the highest common factor of 34 and f?
2
Let u = 70 + 279. Let l = -141 + u. Calculate the greatest common factor of l and 13.
13
Let w be (3 - 78/10)/((-69)/1150). Suppose 0 = 15*a - 13*a - w. What is the highest common divisor of a and 360?
40
Suppose -12*y + 46792 = 46396. What is the greatest common divisor of y and 4708?
11
Suppose 121*o - 74250 = -41*o - 3*o. What is the highest common factor of o and 2850?
150
Let b be (0 - 426/(-21)) + 4/(-14). Suppose 3*j = -y - 6, -4*y + 2*y + 2*j + b = 0. Suppose y*w = 7*w - 10. Calculate the highest common divisor of 70 and w.
10
Let w = 6213 + -6096. What is the highest common factor of w and 1001?
13
Let q be 276/(-184)*(0 - (-8840)/3). Let y be (-10 - q/(-50))/((-2)/5). Calculate the highest common factor of y and 6.
6
Suppose 5*s + 15*o - 20*o = 140, -2*s + 51 = -3*o. Suppose -8*c + 485 = 45. Calculate the greatest common factor of s and c.
11
Suppose -11*o + 3*o = -1156 - 188. What is the highest common factor of o and 2968?
56
Suppose 84 = -3*x - 2*r, -5*r = 5*x - 10*r + 140. Suppose -17*b + 576 = 32. Let o = b + x. What is the highest common divisor of 16 and o?
4
Let m(n) = 14*n**2 + 68*n + 544. Let y be m(-16). Calculate the highest common factor of y and 480.
160
Let k be (-44)/726 + 105/99. Let x(c) = 0*c**2 + 5*c + 0*c + 25*c**3 - 2*c**2 - 4. Let u be x(k). What is the highest common divisor of 2 and u?
2
Let y(w) = w**2 + 23*w + 70. Let l be y(-3). Suppose l*u - 16*u + 576 = 0. Calculate the greatest common divisor of u and 9.
3
Let d be (28/(-8) + 3)*-4. Suppose 2*m = 4*b + 7*m - 3, -d*m - 12 = -5*b. What is the highest common divisor of 4 and b?
2
Suppose -20*i = -16*i - 144. Suppose -y + i = -6. What is the greatest common divisor of 462 and y?
42
Let w be 1410/(-8) + -5 - (-2)/8. Let j = w - -196. Calculate the greatest common divisor of 3 and j.
3
Suppose -5896*l + 5888*l + 88 = 0. What is the highest common factor of l and 10890?
11
Suppose 23*h - 51*h = -12*h - 13312. What is the greatest common divisor of h and 962?
26
Let l be ((-7)/4)/((-3)/24). Suppose -j + 2*j = -5*y - 17, -5 = -y. Let n = 49 + j. Calculate the greatest common divisor of n and l.
7
Let d be 453 + 2/(-2) + -2 + -2. Let l = -540 + 568. Calculate the highest common factor of l and d.
28
Let k = -82 + 104. Suppose 0 = -25*g + 27*g + 2*r - 118, -3*r + 12 = 0. What is the greatest common factor of g and k?
11
Let n(i) be the third derivative of i**4/8 - 8*i**3 - 36*i**2 + i. Let l be n(20). What is the highest common factor of 204 and l?
12
Suppose -12 = -4*d + 2*w - 3*w, 3*w = 0. Let l be (-1)/(d + 146/(-48)). Calculate the greatest common divisor of 6 and l.
6
Let i be 4 + 0 - 30/(2 + 4). Let k = i - -129. What is the highest common divisor of k and 96?
32
Let s = -154 - -315. Let z be (s/7)/(1/1). Let h = 48 + -25. What is the highest common divisor of h and z?
23
Let j = -391 + 336. Let y = j + 69. What is the greatest common factor of 77 and y?
7
Let l be 10/(-3)*1/(-2)*3. Suppose 11*c - 450 = l*c. Let y = 84 - c. Calculate the highest common divisor of y and 63.
9
Let y = 3642 + -3620. What is the greatest common divisor of 18 and y?
2
Let h = 16 - 5. Suppose 10*d - 1350 = -190. Suppose -2*s - n + 252 = -3*n, -n = s - d. What is the greatest common divisor of h and s?
11
Let y(i) = i**2 - i + 12. Let o be y(5). Suppose -9*g = -o - 31. What is the highest common factor of 7 and g?
7
Suppose -c + 14*c + 1183 = 0. Let s = -80 - c. Suppose -s*g - 10 = -285. Calculate the greatest common divisor of 125 and g.
25
Let s = -173488 + 173536. Let x = -87 - -147. Calculate the greatest common factor of s and x.
12
Let z(b) = 2*b - 4*b**2 + 3*b**2 - b**2 - 2 + b**2. Let u be z(8). Let k = -43 - u. What is the greatest common divisor of 7 and k?
7
Let m(q) = -7*q**2 - 174*q + 367. Let s be m(-23). Calculate the highest common divisor of s and 99.
9
Let s = -27 - -40. Suppose 2*k = 744 - 406. What is the highest common factor of k and s?
13
Suppose 98 = 49*j - 343. Suppose j*w = -2*t + 13*w + 448, 3*w - 940 = -4*t. What is the greatest common factor of t and 8?
8
Suppose 57*n - 858000 = -25*n + 22*n. What is the greatest common divisor of n and 20?
20
Let d be ((-138)/3*-8 - -7) + -7 + 7. Calculate the highest common factor of 625 and d.
125
Suppose -5*l + 24*l - 1539 = 0. Calculate the greatest common divisor of l and 1377.
81
Let o = -30 + -307. Let c = -275 - o. Calculate the greatest common divisor of c and 2.
2
Let y be 1*3*(-12)/(-18). Suppose -3*v - 1 + 5 = o, 0 = v + 3*o - 12. Suppose v = 10*a - 118 + 38. Calculate the greatest common factor of a and y.
2
Suppose 249 + 23 = 136*r. What is the greatest common divisor of 2098 and r?
2
Let n be 65 - (9/(-6) - 11/(-22)). Calculate the greatest common divisor of 264 and n.
66
Let m(u) = -u**3 - 15*u**2 - 5*u - 12. Let j be 1024/(-20) + (-1)/(-5). Let i = j - -36. Let n be m(i). What is the greatest common factor of n and 7?
7
Let y(d) = -17*d + 136. Let b be y(7). Let z be (252 - b) + 10/(3 - 5). Calculate the highest common factor of 92 and z.
46
Let c(f) = 307*f + 148. Let q be c(9). What is the highest common factor of 492 and q?
41
Suppose -3*c + h = 6*h - 455, -h = -3*c + 431. Let f = -17 - -75. Calculate the greatest common divisor of f and c.
29
Let n = -1890 - -2538. Calculate the greatest common divisor of n and 1782.
162
Let y(x) be the third derivative of 11*x**4/12 + 23*x**3/3 - 7*x**2 + 4. Let l be y(11). What is the highest common divisor of l and 32?
32
Let v be 622 - (0 + 1 - 2). Suppose -95*x + 83*x = 4*p - 32, -46 = -3*p + 2*x. Calculate the highest common divisor of v and p.
7
Let b(q) = -5150*q + 268328. Let m be b(52). Let l be 4/(-6) - 146/(-3). Calculate the highest common factor of l and m.
48
Let s be (1/2)/((-17)/(-204)). Suppose -2*t - 552 = -s*t. Calculate the greatest common divisor of 46 and t.
46
Let f be (-5)/40 + 1205/40. Let o be ((-38)/(-3))/(2/9). Suppose 5*b = t - 63 - o, 5*t + 3*b = 684. What is the highest common factor of f and t?
15
Suppose 2698 = 8*m + 11*m. Let g = m - 76. What is the highest common factor of g and 154?
22
Suppose -3*x = 2*b - 10, -2*x + 12 = 4*b - 24. Suppose -14*z + 1020 = -1444. Calculate the highest common factor of z and b.
11
Let p(j) = 7*j + 6*j - 9*j + 111 - 7*j. Let a be p(-6). Calculate the greatest common factor of a and 172.
43
Suppose 207*p - 4*o = 202*p + 846, 14*p + 3*o - 2312 = 0. Suppose y = -3*y + 8. Calculate the greatest common divisor of y and p.
2
Suppose 425 - 48 + 183 = 56*v. Calculate the greatest common divisor of v and 1905.
5
Suppose 2*i + 4*q - 1414 = 6*q, 0 = -12*i - 3*q + 8439. What is the highest common divisor of 256 and i?
64
Let r be (4 + 8)*105/6. Let d = 18 - 20. Let f(p) = -5*p**3 - 3*p**2 - p. Let u be f(d). Calculate the greatest common factor of u and r.
30
Let r = 4 - 3. Let p(g) = 22*g - 1. Let k be p(r). Suppose h - 6*h + 1367 = 2*a, 2*h = -a + 547. Calculate the highest common factor of h and k.
21
Suppose 7*j - 314 = -3*h, 0 = -4*j + 5*h - 55 + 221. Calculate the highest common factor of j and 1430.
22
Let m = -11332 + 11350. Let g(a) = -9*a - 9. Suppose 2*s - 13 + 